it of 808895?
5
What is the millions digit of 9992310?
9
What is the tens digit of 267636?
3
What is the tens digit of 2308529?
2
What is the millions digit of 2959258?
2
What is the hundreds digit of 5471127?
1
What is the units digit of 17653241?
1
What is the hundreds digit of 3107026?
0
What is the thousands digit of 516915?
6
What is the hundred thousands digit of 455026?
4
What is the hundreds digit of 42059281?
2
What is the hundred thousands digit of 4876003?
8
What is the hundred thousands digit of 588794?
5
What is the units digit of 320391?
1
What is the ten thousands digit of 125075?
2
What is the ten thousands digit of 272356?
7
What is the tens digit of 32627042?
4
What is the tens digit of 161503?
0
What is the hundreds digit of 12496?
4
What is the hundred thousands digit of 660350?
6
What is the tens digit of 116683?
8
What is the thousands digit of 214205?
4
What is the tens digit of 368608?
0
What is the units digit of 13296745?
5
What is the thousands digit of 15521512?
1
What is the units digit of 5021696?
6
What is the millions digit of 5826400?
5
What is the thousands digit of 8871825?
1
What is the hundreds digit of 3412899?
8
What is the units digit of 1073425?
5
What is the hundred thousands digit of 11969039?
9
What is the ten thousands digit of 2078037?
7
What is the thousands digit of 9573875?
3
What is the hundred thousands digit of 193965?
1
What is the ten thousands digit of 1623870?
2
What is the hundred thousands digit of 282542?
2
What is the tens digit of 267415?
1
What is the ten thousands digit of 275140?
7
What is the units digit of 2540664?
4
What is the hundred thousands digit of 6130971?
1
What is the hundred thousands digit of 20887411?
8
What is the tens digit of 43295?
9
What is the tens digit of 5119579?
7
What is the hundreds digit of 1802039?
0
What is the units digit of 45788?
8
What is the ten thousands digit of 356125?
5
What is the tens digit of 2187611?
1
What is the thousands digit of 2622819?
2
What is the hundreds digit of 11819200?
2
What is the ten thousands digit of 181767?
8
What is the tens digit of 1322351?
5
What is the ten thousands digit of 1707189?
0
What is the ten thousands digit of 2250343?
5
What is the thousands digit of 455626?
5
What is the tens digit of 77436?
3
What is the hundred thousands digit of 667726?
6
What is the units digit of 136223?
3
What is the units digit of 4941365?
5
What is the ten thousands digit of 508375?
0
What is the millions digit of 18062568?
8
What is the thousands digit of 470015?
0
What is the tens digit of 19591655?
5
What is the hundreds digit of 204584?
5
What is the tens digit of 352106?
0
What is the tens digit of 604809?
0
What is the units digit of 574662?
2
What is the ten thousands digit of 11844144?
4
What is the millions digit of 9906513?
9
What is the units digit of 111132?
2
What is the hundreds digit of 25704?
7
What is the tens digit of 98620?
2
What is the thousands digit of 4738171?
8
What is the hundreds digit of 9263763?
7
What is the units digit of 252135?
5
What is the hundreds digit of 99030?
0
What is the thousands digit of 367439?
7
What is the hundreds digit of 3594549?
5
What is the ten thousands digit of 33797?
3
What is the tens digit of 3273123?
2
What is the units digit of 12077065?
5
What is the hundreds digit of 1298574?
5
What is the millions digit of 10105086?
0
What is the millions digit of 5293495?
5
What is the units digit of 170125?
5
What is the thousands digit of 6958216?
8
What is the ten thousands digit of 16177333?
7
What is the millions digit of 25060273?
5
What is the tens digit of 665652?
5
What is the ten thousands digit of 780687?
8
What is the thousands digit of 794908?
4
What is the units digit of 226808?
8
What is the hundred thousands digit of 1164529?
1
What is the ten thousands digit of 4122103?
2
What is the hundreds digit of 285574?
5
What is the hundred thousands digit of 2211646?
2
What is the thousands digit of 6338905?
8
What is the ten millions digit of 12005138?
1
What is the millions digit of 2148923?
2
What is the thousands digit of 242386?
2
What is the hundreds digit of 531057?
0
What is the units digit of 1981?
1
What is the thousands digit of 1849536?
9
What is the hundred thousands digit of 5430343?
4
What is the thousands digit of 325758?
5
What is the thousands digit of 4192?
4
What is the thousands digit of 1731501?
1
What is the units digit of 2669602?
2
What is the thousands digit of 45142?
5
What is the hundred thousands digit of 559865?
5
What is the hundreds digit of 5556982?
9
What is the tens digit of 70005?
0
What is the units digit of 183914?
4
What is the hundred thousands digit of 2403734?
4
What is the ten thousands digit of 7389198?
8
What is the thousands digit of 4339?
4
What is the tens digit of 208611?
1
What is the hundred thousands digit of 2999051?
9
What is the hundred thousands digit of 126954?
1
What is the hundred thousands digit of 16331421?
3
What is the ten thousands digit of 561115?
6
What is the units digit of 4952679?
9
What is the hundred thousands digit of 7616426?
6
What is the units digit of 694635?
5
What is the thousands digit of 810746?
0
What is the hundreds digit of 300282?
2
What is the millions digit of 8095592?
8
What is the thousands digit of 239487?
9
What is the tens digit of 1441397?
9
What is the ten thousands digit of 417142?
1
What is the ten thousands digit of 2092342?
9
What is the tens digit of 378166?
6
What is the tens digit of 1318216?
1
What is the ten thousands digit of 1300300?
0
What is the thousands digit of 6330024?
0
What is the hundreds digit of 85376?
3
What is the tens digit of 794115?
1
What is the thousands digit of 594079?
4
What is the ten thousands digit of 440392?
4
What is the tens digit of 932837?
3
What is the tens digit of 6042240?
4
What is the thousands digit of 394517?
4
What is the thousands digit of 608632?
8
What is the units digit of 7583126?
6
What is the units digit of 1533378?
8
What is the units digit of 836767?
7
What is the tens digit of 518327?
2
What is the tens digit of 13553?
5
What is the tens digit of 2723268?
6
What is the thousands digit of 18836?
8
What is the units digit of 463277?
7
What is the hundred thousands digit of 9977546?
9
What is the hundred thousands digit of 150814?
1
What is the units digit of 4011485?
5
What is the thousands digit of 279497?
9
What is the ten thousands digit of 431962?
3
What is the thousands digit of 1597053?
7
What is the thousands digit of 449818?
9
What is the thousands digit of 527413?
7
What is the units digit of 2829511?
1
What is the units digit of 3716844?
4
What is the thousands digit of 94848?
4
What is the hundreds digit of 3334339?
3
What is the ten thousands digit of 104077?
0
What is the units digit of 238166?
6
What is the units digit of 369111?
1
What is the tens digit of 6396910?
1
What is the tens digit of 2501477?
7
What is the hundreds digit of 156168?
1
What is the tens digit of 107694?
9
What is the ten thousands digit of 3407841?
0
What is the units digit of 1254591?
1
What is the tens digit of 12860448?
4
What is the hundreds digit of 36950102?
1
What is the millions digit of 4370747?
4
What is the units digit of 26962?
2
What is the ten thousands digit of 115666?
1
What is the hundreds digit of 758393?
3
What is the ten thousands digit of 4532377?
3
What is the tens digit of 7568689?
8
What is the hundred thousands digit of 169626?
1
What is the tens digit of 1257154?
5
What is the units digit of 263498?
8
What is the ten thousands digit of 288014?
8
What is the hundred thousands digit of 579599?
5
What is the hundreds digit of 156358?
3
What is the tens digit of 4975781?
8
What is the hundred thousands digit of 270609?
2
What is the hundred thousands digit of 1728585?
7
What is the hundreds digit of 17266?
2
What is the millions digit of 27301759?
7
What is the units digit of 335032?
2
What is the ten thousands digit of 424848?
2
What is the thousands digit of 8844520?
4
What is the hundreds digit of 9524168?
1
What is the hundred thousands digit of 19288089?
2
What is the tens digit of 66654?
5
What is the hundreds digit of 183375?
3
What is the hundred thousands digit of 15251094?
2
What is the hundreds digit of